s of 2907305636?
2, 37, 397, 49481
List the prime factors of 3353832789.
3, 1117944263
What are the prime factors of 274701151?
274701151
List the prime factors of 33580460.
2, 5, 23, 37, 1973
What are the prime factors of 83813312?
2, 11, 79, 137
List the prime factors of 414837046.
2, 13, 173, 92227
What are the prime factors of 46356834?
2, 3, 7726139
List the prime factors of 249691377.
3, 13, 293, 21851
What are the prime factors of 149659748?
2, 7, 97, 55103
What are the prime factors of 71249617?
193, 369169
What are the prime factors of 94350698?
2, 13, 139, 26107
What are the prime factors of 202649255?
5, 1613, 25127
What are the prime factors of 37696056?
2, 3, 29, 41, 1321
List the prime factors of 37241490.
2, 3, 5, 11, 13, 8681
What are the prime factors of 2687331091?
2687331091
List the prime factors of 2253944.
2, 7, 11, 3659
What are the prime factors of 159052575?
3, 5, 11, 192791
What are the prime factors of 944284094?
2, 13, 36318619
What are the prime factors of 37672281?
3, 1637, 2557
What are the prime factors of 73717651?
7, 10531093
What are the prime factors of 277697301?
3, 7, 29, 455989
What are the prime factors of 880798731?
3, 23, 157, 81307
List the prime factors of 46959124.
2, 523, 22447
What are the prime factors of 944213479?
11, 43, 1996223
List the prime factors of 286698498.
2, 3, 47783083
What are the prime factors of 47122906?
2, 23, 1024411
List the prime factors of 338175685.
5, 67635137
What are the prime factors of 51730653?
3, 13, 1326427
List the prime factors of 106107155.
5, 7, 11, 197, 1399
What are the prime factors of 1730753328?
2, 3, 227, 158843
List the prime factors of 26892319.
47, 572177
List the prime factors of 216703218.
2, 3, 71, 508693
What are the prime factors of 390456336?
2, 3, 59, 137873
List the prime factors of 68104259.
211, 322769
List the prime factors of 21291184.
2, 1330699
What are the prime factors of 182202596?
2, 23, 83, 107, 223
List the prime factors of 29062657.
13, 61, 67, 547
What are the prime factors of 10556138?
2, 71, 79, 941
List the prime factors of 3445728091.
13, 265056007
List the prime factors of 764898135.
3, 5, 1291, 39499
What are the prime factors of 736688329?
13, 83, 682751
What are the prime factors of 50614479?
3, 83, 67757
List the prime factors of 14480629.
14480629
List the prime factors of 41711925.
3, 5, 556159
What are the prime factors of 762007516?
2, 190501879
What are the prime factors of 68741695?
5, 11, 1249849
List the prime factors of 88112303.
67, 131, 10039
List the prime factors of 35452297.
29, 1222493
What are the prime factors of 23974079?
23974079
List the prime factors of 49053489.
3, 2131, 7673
List the prime factors of 1139004848.
2, 137, 519619
List the prime factors of 284783191.
7, 11, 19, 37, 5261
List the prime factors of 52065969.
3, 331, 52433
List the prime factors of 1431046833.
3, 4139, 115249
What are the prime factors of 66921446?
2, 2549, 13127
What are the prime factors of 21372702?
2, 3, 13, 31, 8839
List the prime factors of 63523880.
2, 5, 7, 226871
What are the prime factors of 4138424968?
2, 517303121
List the prime factors of 262261884.
2, 3, 21855157
List the prime factors of 511399254.
2, 3, 1231, 69239
List the prime factors of 913277043.
3, 7, 17, 43, 2833
List the prime factors of 968249600.
2, 5, 151289
What are the prime factors of 4114336349?
919, 4476971
List the prime factors of 17085740.
2, 5, 7, 122041
List the prime factors of 86865609.
3, 28955203
What are the prime factors of 3031815315?
3, 5, 41, 4929781
List the prime factors of 20264706.
2, 3, 7, 11, 14621
What are the prime factors of 96651969?
3, 229, 269, 523
List the prime factors of 1369143765.
3, 5, 11, 71, 163, 239
What are the prime factors of 160820235?
3, 5, 109, 3643
List the prime factors of 541827785.
5, 108365557
What are the prime factors of 673326544?
2, 11, 83, 46093
What are the prime factors of 14331837?
3, 13, 41, 8963
List the prime factors of 3890248524.
2, 3, 37, 1091, 2677
What are the prime factors of 349968394?
2, 9377, 18661
What are the prime factors of 3647112695?
5, 729422539
List the prime factors of 1440291603.
3, 293, 463, 3539
List the prime factors of 409778393.
103, 3978431
List the prime factors of 127773183.
3, 547, 77863
What are the prime factors of 1270457843?
83, 15306721
List the prime factors of 138709293.
3, 193, 239567
List the prime factors of 50791766.
2, 89, 433, 659
List the prime factors of 989476063.
17317, 57139
What are the prime factors of 210577672?
2, 47, 560047
List the prime factors of 1044847688.
2, 1451, 90011
List the prime factors of 218611992.
2, 3, 59, 154387
List the prime factors of 249739876.
2, 19, 277, 11863
What are the prime factors of 191415319?
37, 5173387
What are the prime factors of 30905775?
3, 5, 137359
What are the prime factors of 39600146?
2, 271, 73063
What are the prime factors of 47388319?
11, 391639
What are the prime factors of 897699741?
3, 263, 281, 4049
What are the prime factors of 20403146?
2, 31, 329083
List the prime factors of 148351700.
2, 5, 7, 211931
What are the prime factors of 305485202?
2, 11, 89, 156019
List the prime factors of 164172762.
2, 3, 13, 701593
What are the prime factors of 376918?
2, 188459
What are the prime factors of 90817560?
2, 3, 5, 29, 8699
What are the prime factors of 1089689?
101, 10789
List the prime factors of 502892365.
5, 8353, 12041
What are the prime factors of 187933528?
2, 101, 232591
What are the prime factors of 889023972?
2, 3, 79, 937789
List the prime factors of 49055143.
49055143
What are the prime factors of 349623352?
2, 13, 499, 6737
List the prime factors of 12164322.
2, 3, 173, 11719
What are the prime factors of 5955515543?
347, 17162869
What are the prime factors of 4743401?
13, 113, 3229
List the prime factors of 16769530.
2, 5, 23, 72911
What are the prime factors of 1160967313?
11, 105542483
What are the prime factors of 914866529?
479, 1909951
List the prime factors of 4317235960.
2, 5, 61, 271, 6529
List the prime factors of 2735415685.
5, 17, 79, 407359
List the prime factors of 203075944.
2, 25384493
What are the prime factors of 2193830558?
2, 1096915279
List the prime factors of 77828290.
2, 5, 31, 251059
What are the prime factors of 533060078?
2, 29, 43, 213737
List the prime factors of 2617028228.
2, 23, 3461, 8219
What are the prime factors of 115321190?
2, 5, 11532119
What are the prime factors of 241394064?
2, 3, 73, 68891
What are the prime factors of 191782375?
5, 79, 19421
List the prime factors of 1526759234.
2, 7, 11, 13, 53, 14389
What are the prime factors of 909232236?
2, 3, 11, 41, 1697
What are the prime factors of 1307805775?
5, 52312231
List the prime factors of 673849949.
673849949
What are the prime factors of 199224660?
2, 3, 5, 103, 32237
What are the prime factors of 21522208?
2, 257, 2617
List the prime factors of 2517348111.
3, 839116037
List the prime factors of 998062686.
2, 3, 67, 827581
What are the prime factors of 567764340?
2, 3, 5, 11, 13, 66173
What are the prime factors of 139754146?
2, 7, 859, 11621
What are the prime factors of 56986556?
2, 11, 31, 41, 1019
What are the prime factors of 148606755?
3, 5, 11, 41, 1997
List the prime factors of 284978774.
2, 53, 2688479
List the prime factors of 2597117810.
2, 5, 7, 37101683
List the prime factors of 315121204.
2, 79, 997219
What are the prime factors of 67480066?
2, 811, 41603
What are the prime factors of 3900110435?
5, 13, 60001699
List the prime factors of 285053712.
2, 3, 1579, 3761
What are the prime factors of 955078352?
2, 47, 1270051
What are the prime factors of 439527258?
2, 3, 1861, 13121
List the prime factors of 309900802.
2, 1301, 119101
List the prime factors of 1852802953.
17, 29, 3758221
What are the prime factors of 570563422?
2, 11, 13, 1994977
What are the prime factors of 56859894?
2, 3, 7, 13, 19, 29
List the prime factors of 3082366845.
3, 5, 53, 430799
What are the prime factors of 113206767?
3, 269, 140281
List the prime factors of 60915532.
2, 15228883
What are the prime factors of 315866614?
2, 7, 821, 27481
List the prime factors of 126170331.
3, 7, 6008111
List the prime factors of 372941437.
11, 1093, 31019
What are the prime factors of 151595429?
2063, 73483